5530 is divided by 187?
186
What is the remainder when 1459131 is divided by 2551?
2510
Calculate the remainder when 2363070 is divided by 64.
62
What is the remainder when 3646824 is divided by 30139?
5
Calculate the remainder when 2137837 is divided by 963.
940
Calculate the remainder when 675399 is divided by 44.
43
What is the remainder when 1752345 is divided by 50066?
35
What is the remainder when 328903 is divided by 1061?
1054
What is the remainder when 240635 is divided by 8539?
1543
Calculate the remainder when 37071 is divided by 18524.
23
What is the remainder when 3330773 is divided by 3421?
2140
What is the remainder when 69967379 is divided by 21?
20
Calculate the remainder when 1084606 is divided by 48.
46
Calculate the remainder when 1339125 is divided by 67.
63
Calculate the remainder when 179464 is divided by 6353.
1580
What is the remainder when 5600374 is divided by 390?
364
Calculate the remainder when 229496738 is divided by 127.
118
Calculate the remainder when 7590548 is divided by 31.
12
What is the remainder when 58480 is divided by 28715?
1050
Calculate the remainder when 120334 is divided by 325.
84
Calculate the remainder when 254618 is divided by 50923.
3
What is the remainder when 1400343 is divided by 28578?
21
Calculate the remainder when 42945 is divided by 455.
175
What is the remainder when 1144929 is divided by 218?
211
Calculate the remainder when 160831 is divided by 621.
613
What is the remainder when 933153 is divided by 1640?
1633
Calculate the remainder when 3790806 is divided by 300.
6
What is the remainder when 13421577 is divided by 4087?
3956
Calculate the remainder when 41111459 is divided by 523.
521
What is the remainder when 20203851 is divided by 4114?
4111
What is the remainder when 163161 is divided by 1135?
856
Calculate the remainder when 126264 is divided by 1031.
482
What is the remainder when 106489 is divided by 9232?
4937
Calculate the remainder when 9507758 is divided by 664.
606
What is the remainder when 104275 is divided by 34756?
7
What is the remainder when 302434 is divided by 151109?
216
What is the remainder when 354941 is divided by 32?
29
What is the remainder when 414213 is divided by 190?
13
Calculate the remainder when 114928 is divided by 37783.
1579
Calculate the remainder when 1399437 is divided by 452.
45
What is the remainder when 1182278 is divided by 11?
9
Calculate the remainder when 9974165 is divided by 3437.
3428
Calculate the remainder when 7449 is divided by 1612.
1001
What is the remainder when 10770 is divided by 1054?
230
Calculate the remainder when 4762803 is divided by 5431.
5247
Calculate the remainder when 96563 is divided by 269.
261
Calculate the remainder when 27977 is divided by 3317.
1441
What is the remainder when 502769 is divided by 947?
859
Calculate the remainder when 182237 is divided by 4903.
826
What is the remainder when 2617032 is divided by 116?
72
Calculate the remainder when 265799 is divided by 265516.
283
What is the remainder when 88748 is divided by 2044?
856
Calculate the remainder when 45566378 is divided by 41.
3
Calculate the remainder when 1296960 is divided by 235.
230
What is the remainder when 725253 is divided by 70?
53
What is the remainder when 23398169 is divided by 28?
25
What is the remainder when 44421 is divided by 3042?
1833
What is the remainder when 195093 is divided by 13929?
87
What is the remainder when 13487793 is divided by 1700?
1693
What is the remainder when 153975620 is divided by 66?
62
Calculate the remainder when 2053383 is divided by 28.
3
Calculate the remainder when 13254812 is divided by 59.
49
What is the remainder when 11437626 is divided by 72851?
19
What is the remainder when 4269034 is divided by 355751?
22
What is the remainder when 240258 is divided by 12626?
364
What is the remainder when 84050 is divided by 11?
10
What is the remainder when 122727 is divided by 60605?
1517
Calculate the remainder when 4994412 is divided by 23122.
60
Calculate the remainder when 2964593 is divided by 60.
53
What is the remainder when 5521436 is divided by 16?
12
What is the remainder when 5067968 is divided by 460722?
26
Calculate the remainder when 2829964 is divided by 42876.
148
Calculate the remainder when 6160857 is divided by 560077.
10
What is the remainder when 20102308 is divided by 2921?
2907
Calculate the remainder when 107915 is divided by 323.
33
Calculate the remainder when 804323 is divided by 1726.
7
What is the remainder when 510010 is divided by 509966?
44
Calculate the remainder when 179801 is divided by 406.
349
What is the remainder when 2536518 is divided by 281834?
12
Calculate the remainder when 1165243 is divided by 25894.
13
What is the remainder when 62039504 is divided by 60?
44
What is the remainder when 315881 is divided by 17128?
7577
Calculate the remainder when 1225467 is divided by 111404.
23
Calculate the remainder when 950783 is divided by 89.
85
Calculate the remainder when 36671841 is divided by 1518.
1515
Calculate the remainder when 827875 is divided by 122.
105
What is the remainder when 38007 is divided by 1936?
1223
Calculate the remainder when 25140965 is divided by 947.
9
Calculate the remainder when 271859445 is divided by 874.
871
What is the remainder when 7189467 is divided by 22?
21
What is the remainder when 10831526 is divided by 3404?
3402
Calculate the remainder when 1756382 is divided by 3159.
3137
Calculate the remainder when 34871 is divided by 1659.
32
What is the remainder when 36257 is divided by 5966?
461
Calculate the remainder when 386159 is divided by 128679.
122
Calculate the remainder when 532223946 is divided by 158.
156
What is the remainder when 57140 is divided by 28496?
148
Calculate the remainder when 28021429 is divided by 501.
499
What is the remainder when 14853599 is divided by 31?
11
Calculate the remainder when 11087584 is divided by 9583.
53
Calculate the remainder when 618531 is divided by 206107.
210
What is the remainder when 1562215 is divided by 443?
197
Calculate the remainder when 5531931 is divided by 29.
7
Calculate the remainder when 7943773 is divided by 1018.
319
Calculate the remainder when 1745789 is divided by 436442.
21
What is the remainder when 5582102 is divided by 155057?
50
What is the remainder when 2321989 is divided by 26?
7
What is the remainder when 665558 is divided by 188?
38
Calculate the remainder when 12242556 is divided by 21.
18
What is the remainder when 30069416 is divided by 10023135?
11
Calculate the remainder when 10140813 is divided by 109.
107
Calculate the remainder when 45609266 is divided by 47117.
10
What is the remainder when 18141499 is divided by 59?
2
What is the remainder when 16154745 is divided by 5924?
5921
What is the remainder when 7888690 is divided by 142?
22
Calculate the remainder when 119637398 is divided by 7.
6
What is the remainder when 3642401 is divided by 628?
1
What is the remainder when 6977210 is divided by 521?
499
What is the remainder when 1491319 is divided by 2645?
2184
Calculate the remainder when 148301 is divided by 2737.
503
What is the remainder when 981449 is divided by 75?
74
Calculate the remainder when 54643 is divided by 17762.
1357
Calculate the remainder when 3498 is divided by 3436.
62
What is the remainder when 22815907 is divided by 89?
45
What is the remainder when 1193072 is divided by 1016?
288
Calculate the remainder when 9499637 is divided by 163.
160
What is the remainder when 51844 is divided by 144?
4
What is the remainder when 24203397 is divided by 6050849?
1
What is the remainder when 30166567 is divided by 82?
79
What is the remainder when 5163932 is divided by 1290977?
24
Calculate the remainder when 340114 is divided by 5755.
569
Calculate the remainder when 449566 is divided by 3.
1
Calculate the remainder when 114158 is divided by 16199.
765
Calculate the remainder when 251115 is divided by 293.
14
What is the remainder when 94158 is divided by 18830?
8
What is the remainder when 22519584 is divided by 22519579?
5
Calculate the remainder when 2532207 is divided by 1004.
119
What is the remainder when 16705 is divided by 107?
13
Calculate the remainder when 29290468 is divided by 25.
18
Calculate the remainder when 11